{"id":17714,"date":"2020-08-25T14:22:37","date_gmt":"2020-08-25T12:22:37","guid":{"rendered":"https:\/\/www.textillo.com\/produkt\/dekorativer-kopfkissenbezug-40-x-40-cm-zwei-farben\/"},"modified":"2020-08-25T14:22:37","modified_gmt":"2020-08-25T12:22:37","slug":"dekorativer-kopfkissenbezug-40-x-40-cm-zwei-farben","status":"publish","type":"product","link":"https:\/\/textillo.com\/de\/produkt\/dekorativer-kopfkissenbezug-40-x-40-cm-zwei-farben\/","title":{"rendered":"Dekorativer Kopfkissenbezug &#8211; 40 x 40 cm &#8211; Zwei Farben"},"content":{"rendered":"<p>Der Kissenbezug wird in unserer Werkstatt von Hand aus polnischen hochwertigen Baumwoll- und Polyesterstoffen gen\u00e4ht, die das Zertifikat \u00d6ko-Tex Standard 100 besitzen, das die Sicherheit der bei der Produktion verwendeten Materialien und Farbstoffe garantiert.<\/p>\n<p>Die Kissenbez\u00fcge werden mit hochwertigen Rei\u00dfverschl\u00fcssen befestigt, die unter den Laschen versteckt sind, so dass der Kissenbezug eindrucksvoller und designerischer aussieht.<\/p>\n","protected":false},"excerpt":{"rendered":"<p>Zusammensetzung: 100 % Polyester<br \/>\nGewicht: 145 g\/m2<br \/>\nLand der Produktion: Polen<br \/>\nVerschluss: Rei\u00dfverschluss<\/p>\n","protected":false},"featured_media":7098,"comment_status":"open","ping_status":"closed","template":"","meta":{"_monsterinsights_skip_tracking":false,"_monsterinsights_sitenote_active":false,"_monsterinsights_sitenote_note":"","_monsterinsights_sitenote_category":0},"product_brand":[],"product_cat":[686,680],"product_tag":[563,782],"class_list":{"0":"post-17714","1":"product","2":"type-product","3":"status-publish","4":"has-post-thumbnail","6":"product_cat-dekorativ","7":"product_cat-kopfkissenbezuge","8":"product_tag-baumwolle","9":"product_tag-kopfkissenbezug","10":"pa_kolor-ecru-de","11":"pa_kolor-ecru-de-2","12":"pa_kolor-gruen","13":"pa_kolor-hellgrun","14":"pa_skladtkaniny-100-polyester-de","16":"first","17":"instock","18":"shipping-taxable","19":"purchasable","20":"product-type-variable","21":"has-default-attributes"},"aioseo_notices":[],"_links":{"self":[{"href":"https:\/\/textillo.com\/de\/wp-json\/wp\/v2\/product\/17714","targetHints":{"allow":["GET"]}}],"collection":[{"href":"https:\/\/textillo.com\/de\/wp-json\/wp\/v2\/product"}],"about":[{"href":"https:\/\/textillo.com\/de\/wp-json\/wp\/v2\/types\/product"}],"replies":[{"embeddable":true,"href":"https:\/\/textillo.com\/de\/wp-json\/wp\/v2\/comments?post=17714"}],"wp:featuredmedia":[{"embeddable":true,"href":"https:\/\/textillo.com\/de\/wp-json\/wp\/v2\/media\/7098"}],"wp:attachment":[{"href":"https:\/\/textillo.com\/de\/wp-json\/wp\/v2\/media?parent=17714"}],"wp:term":[{"taxonomy":"product_brand","embeddable":true,"href":"https:\/\/textillo.com\/de\/wp-json\/wp\/v2\/product_brand?post=17714"},{"taxonomy":"product_cat","embeddable":true,"href":"https:\/\/textillo.com\/de\/wp-json\/wp\/v2\/product_cat?post=17714"},{"taxonomy":"product_tag","embeddable":true,"href":"https:\/\/textillo.com\/de\/wp-json\/wp\/v2\/product_tag?post=17714"}],"curies":[{"name":"wp","href":"https:\/\/api.w.org\/{rel}","templated":true}]}}

<p>Der Kissenbezug wird in unserer Werkstatt von Hand aus polnischen hochwertigen Baumwoll- und Polyesterstoffen genäht, die das Zertifikat Öko-Tex Standard 100 besitzen, das die Sicherheit der bei der Produktion verwendeten Materialien und Farbstoffe garantiert.</p>
<p>Die Kissenbezüge werden mit hochwertigen Reißverschlüssen befestigt, die unter den Laschen versteckt sind, so dass der Kissenbezug eindrucksvoller und designerischer aussieht.</p>

<p>Zusammensetzung: 100 % Polyester<br />
Gewicht: 145 g/m2<br />
Land der Produktion: Polen<br />
Verschluss: Reißverschluss</p>
